k and y?
9
Let x = -86 - -101. Suppose -x*r = -16*r - a + 23, -5*r + 5*a = -125. Calculate the highest common divisor of 36 and r.
12
Suppose -15*s - 2025 = -6*s. Let p be 30/(42/(-7)) - s. Calculate the greatest common divisor of p and 44.
44
Suppose 0 = 4*p - 3*p - 2. Let o be 0 + (-12)/(-6)*2. Suppose -p*s = 2*s + c - 104, s - o*c - 26 = 0. What is the highest common divisor of 104 and s?
26
Suppose 1905 - 1191 = 34*m. Calculate the greatest common divisor of 501 and m.
3
Suppose 4*h = -v - 36 + 1, -2*h + 3*v - 21 = 0. Let c be h*2/3*(-2)/4. Suppose 8*l = c*l + 55. What is the greatest common factor of l and 77?
11
Let v be (-398)/((-4)/((42 + -36)/(3/43))). What is the highest common divisor of 86 and v?
43
Let b(o) = 22*o - 470. Let k be b(32). What is the highest common divisor of 54 and k?
18
Let s be ((-24)/(-9) + (-76)/(-19))*(-27)/(-36). Calculate the greatest common factor of 1165 and s.
5
Let b be -6*((-320)/60 - 52/(-39)). Let a = 5 - -1. Let k(w) = w**3 - 5*w**2 + 3*w + 6. Let s be k(a). Calculate the highest common divisor of s and b.
12
Suppose r + 23 = -r + 5*o, -4*o = 2*r - 4. Let g be r*((-1519)/14 + 7). What is the greatest common divisor of 58 and g?
58
Let n(o) = o**3 - 28*o**2 - 4*o + 212. Let c be n(28). Calculate the greatest common factor of 50 and c.
50
Let n be 15457/116 - 1/4. Let f be (-3)/(-7) - (-608)/n. What is the greatest common divisor of 7 and f?
1
Let b = 14655 - -10136. Calculate the highest common factor of b and 26.
13
Suppose -2*a + 95 + 5 = 0. Let p = 52 - a. Suppose -1 = p*i - 7. Calculate the greatest common divisor of i and 1.
1
Let a = 26764 + -26730. What is the greatest common factor of a and 7633?
17
Suppose 4*g = -2*k + 18, -3*k + 8 = -5*g + 3. Suppose 4*f - 421 = -d, -5*f + 2*d + g*d = -500. What is the greatest common factor of 32 and f?
8
Let u = 94 - 44. Let l be 149815/332 + ((-42)/8 - -4). Calculate the greatest common divisor of u and l.
50
Suppose 2*d + 3*z - 234 = 2*z, -d = 5*z - 126. Suppose 4*t - 3*l = 363, 4*t + 102 = 5*t - 3*l. What is the greatest common divisor of d and t?
29
Let y be (-2)/(-21)*6 - 458/(-7). Let b(p) = 73*p - 47. Let h be b(2). What is the highest common divisor of h and y?
33
Let n be 34*(1 - 6/3). Let x = -31 - n. Suppose 400 = x*g + g + 4*b, -100 = -g - 5*b. Calculate the highest common factor of g and 20.
20
Let i be 3*(0 - -22)*10/30. Suppose i*w + 70 = 24*w. What is the greatest common factor of w and 5?
5
Let q be 6/7*42/1. Let f = 78 - q. Let s = -156 - -219. Calculate the highest common divisor of f and s.
21
Suppose -2*z = u - 113, 220 = -231*z + 235*z + 4*u. Let r = 427 - 282. What is the greatest common factor of z and r?
29
Suppose 218*h = 230*h - 41952. What is the highest common divisor of h and 368?
184
Suppose -36*c - 1338 = -39*c - 2*v, -5*c = v - 2244. Calculate the highest common factor of c and 50.
50
Suppose -83*n - 88*n = -182*n + 1221. What is the highest common divisor of 2294 and n?
37
Suppose 0 = 3*a + 3*y - 4260, 4256 = 3*a - 7*y + 12*y. What is the highest common factor of 144 and a?
18
Suppose 5*q + 2*w - 84 = 4*w, 4*q + w - 62 = 0. Let r = 16 - 12. Suppose 0 = 3*z - 4*m - 12, -r = -5*m + 11. What is the greatest common divisor of q and z?
8
Suppose -12 = 5*o - o. Let v be 32*o/(-3 - 3). Suppose 20*z - 1463 + 503 = 0. Calculate the greatest common divisor of z and v.
16
Let b be 1 + (-3)/((-3)/41). Suppose -2*z + 5*p - p = -74, 2*p = -5*z + 209. Suppose z = -4*x + 65. What is the greatest common factor of b and x?
6
Let f(r) = -5*r**2 + 566*r + 536. Let k be f(114). Suppose 120 = 3*a - 2*a. What is the highest common factor of k and a?
40
Let n be (-4)/(-2)*(20 - 21 - -21). Calculate the greatest common factor of n and 2980.
20
Let n(h) = 27*h**2 + 4*h - 10. Let t be n(-2). Calculate the greatest common factor of 230 and t.
10
Suppose 2*a = 3*a - p - 5, -5 = p. Let h(m) = -m**3 + m**2 - 7*m + 132. Let x be h(a). Calculate the highest common divisor of 11 and x.
11
Let c(h) be the second derivative of -5*h**3/2 - 43*h**2/2 + 35*h. Let q be c(-9). Let b = -16 + 39. Calculate the greatest common factor of b and q.
23
Suppose 1 + 467 = 9*n. Let y = -628 + 862. Calculate the highest common divisor of y and n.
26
Suppose -b = 2*l + 4, 5 = -2*b + 3*l + 25. Calculate the highest common factor of b and 7.
1
Suppose -4*p - 28 = 2*d - 4*d, 2*d + p = 43. Let a be 2 - ((-36)/15 + 4/10). Suppose 0 = 2*l - 12 + a. What is the highest common divisor of d and l?
4
Let z(i) = i**2 + 2*i + 1. Let m be z(-5). Let g be (0 + 1731/12)/(5/40). Suppose -13*a + g = 114. What is the highest common divisor of a and m?
16
Let w be 36/10*(2 - -3). Let l(g) = -4*g + 133. Suppose -36*x = -10*x - 572. Let o be l(x). What is the greatest common divisor of o and w?
9
Let u be ((-1)/2)/(115/(-16100)). Let q(k) = k**2 + 88. Let h be q(0). Let x = h - 60. What is the greatest common factor of x and u?
14
Let q(n) = 1278*n - 2753. Let h be q(7). What is the highest common factor of h and 11?
11
Let d = -3194 - -3211. Let c = 1646 - 1085. Calculate the greatest common divisor of c and d.
17
Let b = -38 - -58. Suppose 24*d = b*d + 52. Let y(t) = t + 85. Let z be y(-20). Calculate the highest common factor of d and z.
13
Let y(k) = k - 6. Let i be y(16). Let q be (-137)/(-2) - 5/i. Let j = q + -40. What is the greatest common divisor of 308 and j?
28
Let n = -266 + 149. Let l = n - -182. What is the highest common factor of l and 26?
13
Let d(r) = -3*r**2 + 142*r - 164. Let t be d(43). Calculate the highest common divisor of 1027 and t.
79
Let g(t) = 8*t + 30. Let q be g(6). Let c = q + -52. Suppose c = 3*i - 31. What is the greatest common divisor of i and 171?
19
Let d(f) = f**3 - 28*f**2 + 29*f - 5. Let b be d(27). Let o = b - -11. Calculate the highest common factor of 36 and o.
12
Let y(o) be the second derivative of o**5/20 - o**4 - 11*o**3/6 + 45*o**2 - 89*o. Let p be y(15). Calculate the greatest common divisor of p and 24.
24
Suppose 3*w + 28 = 46. Suppose 4*a - w*j = -2*j + 172, 12 = -4*j. What is the greatest common factor of 200 and a?
40
Suppose 55*q - 100*q + 2529525 = 100*q. What is the greatest common divisor of q and 15?
15
Let f = 9535 + -9503. Calculate the greatest common factor of f and 22.
2
Let m = 33 - 40. Let x = -13 + m. Let q = 44 + x. What is the highest common divisor of 48 and q?
24
Let b be (-1182)/(-5) + (-18)/(-30). Let q = -167 + b. What is the highest common factor of q and 42?
14
Suppose 5448 = -113*k + 23754. Calculate the greatest common factor of 4320 and k.
54
Let x be (-4 - 2)*(-12)/24. Suppose 3*g - x*v = 1614, -v = 3*g - 962 - 656. What is the greatest common divisor of g and 49?
49
Let s(n) = -n**3 - 2*n**2 + 5*n + 6. Let a be s(-4). Let k be (672/(-15))/(12/90). Let g = -156 - k. What is the greatest common divisor of g and a?
18
Let g = 18 + -16. Suppose -4*k + 61 = o + g, 2*k = 2. Suppose 4*t = -s + 90, -104 = -5*t + 5*s - 2*s. What is the highest common factor of o and t?
11
Let w(s) = -s**2 - 14*s + 3. Let q be w(-13). Suppose -2*j - 4*b + 104 = 2*j, -4*b = -q. Let l = j - 16. What is the greatest common factor of 15 and l?
3
Let n = 170 + -97. Let w = 76 - n. Suppose -2*h = 4*y - 126, -5*y + 0*y = -w*h - 141. What is the greatest common factor of y and 15?
15
Let o(w) = 11*w**2 + 98*w - 465. Let z be o(7). What is the highest common factor of z and 931?
19
Let p(g) = -g**3 + 18*g**2 - 66*g - 4. Let r be p(6). What is the highest common factor of r and 4552?
8
Let v be 8514/242 - 4/22. Suppose 3*n - 26 = -g - 10, 2*n = 10. Let m be g/(3 - (-1468)/(-490)). Calculate the highest common factor of m and v.
35
Let p = -45 + 45. Suppose p = 4*t + 5*o - 1545, -2*o - o = 4*t - 1543. Calculate the greatest common divisor of 35 and t.
35
Let o(z) = -48*z - 28. Let j be o(-6). Let l = j - 249. Suppose -2*q - 60 = -5*s - q, -5*s - 2*q + 45 = 0. What is the highest common factor of s and l?
11
Let z = -10772 - -10886. Calculate the greatest common divisor of 7638 and z.
114
Let k = -6809 + 6907. What is the highest common factor of k and 1183?
7
Suppose -2*t + 26 = -14*m + 15*m, 0 = -4*m - 3*t + 114. Let c = -31 - -30. Let o be (-5409)/(-36) + c/4. What is the greatest common factor of o and m?
30
Let f(i) = -23*i + 7. Suppose -5*x 